{"id":2404,"date":"2019-02-09T09:55:48","date_gmt":"2019-02-09T08:55:48","guid":{"rendered":"http:\/\/biog.adview.network\/stopka-redakcyjna\/"},"modified":"2025-10-17T07:13:18","modified_gmt":"2025-10-17T05:13:18","slug":"stopka-redakcyjna","status":"publish","type":"page","link":"https:\/\/biog-biogas.com\/pl\/stopka-redakcyjna\/","title":{"rendered":"Stopka redakcyjna"},"content":{"rendered":"<div class=\"wpb-content-wrapper\"><p>[vc_row][vc_column]<div id=\"ultimate-heading-593969f3c25e1e253\" class=\"uvc-heading ult-adjust-bottom-margin ultimate-heading-593969f3c25e1e253 uvc-6916 \" data-hspacer=\"no_spacer\"  data-halign=\"left\" style=\"text-align:left\"><div class=\"uvc-heading-spacer no_spacer\" style=\"top\"><\/div><div class=\"uvc-main-heading ult-responsive\"  data-ultimate-target='.uvc-heading.ultimate-heading-593969f3c25e1e253 h2'  data-responsive-json-new='{\"font-size\":\"desktop:28px;\",\"line-height\":\"\"}' ><h2 style=\"--font-weight:theme;margin-bottom:25px;\">O\u015bwiadczenie zgodnie z \u00a7\u00a724, 25 ustawy o mediach i informacje zgodnie z \u00a7\u00a7 5 ustawy o handlu elektronicznym<\/h2><\/div><\/div>[vc_column_text]<\/p>\n<h4>Odpowiedzialny za tre\u015b\u0107:<\/h4>\n<p>BioG GmbH<br \/>\nWeilbolden 18<br \/>\nA-4972 Utzenaich<br \/>\nAustria<\/p>\n<h4>Reprezentowany przez:<\/h4>\n<p>Josef H\u00f6ckner, Dyrektor zarz\u0105dzaj\u0105cy<\/p>\n<h4>Kontakt:<\/h4>\n<p>Telefon: +43 (0) 7751 \/ 50149 &#8211; 0<br \/>\nE-mail: <a href=\"&#109;&#x61;&#105;&#x6c;&#116;&#x6f;&#58;&#x6f;&#102;&#x66;&#105;&#x63;&#101;&#x40;&#98;&#x69;&#111;&#x67;&#46;&#x61;&#116;\">o&#102;&#102;&#105;&#x63;&#x65;&#x40;bi&#111;&#103;&#x2e;&#x61;&#x74;<\/a><\/p>\n<h4>Numer identyfikacyjny VAT:<\/h4>\n<p>Numer identyfikacyjny VAT: ATU64107503<\/p>\n<h4>Wpis w rejestrze:<\/h4>\n<p>Rejestr handlowy: S\u0105d okr\u0119gowy Ried im Innkreis, FN3062239b<\/p>\n<p>BioG GmbH jest cz\u0142onkiem Austriackiej Izby Gospodarczej (WK\u00d6) zgodnie z odpowiednimi przepisami prawa.<br \/>\nW sprawie przynale\u017cno\u015bci do os\u00f3b prawnych Izby Gospodarczej patrz Firmen A-Z na stronie internetowej WK\u00d6 <a href=\"https:\/\/firmen.wko.at\" target=\"_blank\" rel=\"noopener noreferrer\">https:\/\/firmen.wko.at<\/a>.<\/p>\n<h4>Przedmiot przedsi\u0119biorstwa:<\/h4>\n<p>Og\u00f3lna budowa maszyn, handel artyku\u0142ami technicznymi i przemys\u0142owymi<\/p>\n<h4>Organ w\u0142adzy wed\u0142ug ECG:<\/h4>\n<p>StarostwoRied im Innkreis<\/p>\n<h4>Przepisy prawa:<\/h4>\n<p><a href=\"https:\/\/www.ris.bka.gv.at\/\" target=\"_blank\" rel=\"noopener noreferrer\">https:\/\/www.ris.bka.gv.at\/<\/a>[\/vc_column_text][\/vc_column][\/vc_row][vc_row][vc_column][vc_column_text]Autor projektu:: <a href=\"https:\/\/www.agromarketing.at\/\" target=\"_blank\" rel=\"noopener noreferrer\">Agromarketing<\/a>[\/vc_column_text][\/vc_column][\/vc_row]<\/p>\n<\/div>","protected":false},"excerpt":{"rendered":"<p>[vc_row][vc_column][vc_column_text] Odpowiedzialny za tre\u015b\u0107: BioG GmbH Weilbolden 18 A-4972 Utzenaich Austria Reprezentowany przez: Josef H\u00f6ckner, Dyrektor zarz\u0105dzaj\u0105cy Kontakt: Telefon: +43 (0) 7751 \/ 50149 &#8211; 0 E-mail: &#x6f;&#x66;&#x66;&#x69;&#x63;&#x65;&#x40;&#x62;&#105;&#111;&#103;&#46;&#97;&#116; Numer identyfikacyjny VAT: Numer identyfikacyjny VAT: ATU64107503 Wpis w rejestrze: Rejestr handlowy: S\u0105d okr\u0119gowy Ried im Innkreis, FN3062239b BioG GmbH jest cz\u0142onkiem Austriackiej Izby Gospodarczej (WK\u00d6) zgodnie&hellip;<\/p>\n","protected":false},"author":1,"featured_media":0,"parent":0,"menu_order":0,"comment_status":"closed","ping_status":"open","template":"","meta":{"footnotes":""},"class_list":["post-2404","page","type-page","status-publish","hentry","description-off"],"yoast_head":"<!-- This site is optimized with the Yoast SEO plugin v27.5 - https:\/\/yoast.com\/product\/yoast-seo-wordpress\/ -->\n<title>Stopka redakcyjna i o\u015bwiadczenie | BioG \u2022 Solutions for green energy<\/title>\n<meta name=\"description\" content=\"Tutaj znajdziesz stopk\u0119 redkacyjn\u0105 BioG! \u2606 Odpowiedzialna za tre\u015b\u0107: BioG GmbH \u2022 Reprezentowana przez dyrektora zarz\u0105dzaj\u0105cego Josefa H\u00f6cknera\" \/>\n<meta name=\"robots\" content=\"noindex, follow\" \/>\n<meta property=\"og:locale\" content=\"pl_PL\" \/>\n<meta property=\"og:type\" content=\"article\" \/>\n<meta property=\"og:title\" content=\"Stopka redakcyjna i o\u015bwiadczenie | BioG \u2022 Solutions for green energy\" \/>\n<meta property=\"og:description\" content=\"Tutaj znajdziesz stopk\u0119 redkacyjn\u0105 BioG! \u2606 Odpowiedzialna za tre\u015b\u0107: BioG GmbH \u2022 Reprezentowana przez dyrektora zarz\u0105dzaj\u0105cego Josefa H\u00f6cknera\" \/>\n<meta property=\"og:url\" content=\"https:\/\/biog-biogas.com\/pl\/stopka-redakcyjna\/\" \/>\n<meta property=\"og:site_name\" content=\"BIOG\" \/>\n<meta property=\"article:modified_time\" content=\"2025-10-17T05:13:18+00:00\" \/>\n<meta name=\"twitter:card\" content=\"summary_large_image\" \/>\n<meta name=\"twitter:label1\" content=\"Szacowany czas czytania\" \/>\n\t<meta name=\"twitter:data1\" content=\"1 minuta\" \/>\n<script type=\"application\/ld+json\" class=\"yoast-schema-graph\">{\"@context\":\"https:\\\/\\\/schema.org\",\"@graph\":[{\"@type\":\"WebPage\",\"@id\":\"https:\\\/\\\/biog-biogas.com\\\/pl\\\/stopka-redakcyjna\\\/\",\"url\":\"https:\\\/\\\/biog-biogas.com\\\/pl\\\/stopka-redakcyjna\\\/\",\"name\":\"Stopka redakcyjna i o\u015bwiadczenie | BioG \u2022 Solutions for green energy\",\"isPartOf\":{\"@id\":\"https:\\\/\\\/biog-biogas.com\\\/pl\\\/#website\"},\"datePublished\":\"2019-02-09T08:55:48+00:00\",\"dateModified\":\"2025-10-17T05:13:18+00:00\",\"description\":\"Tutaj znajdziesz stopk\u0119 redkacyjn\u0105 BioG! \u2606 Odpowiedzialna za tre\u015b\u0107: BioG GmbH \u2022 Reprezentowana przez dyrektora zarz\u0105dzaj\u0105cego Josefa H\u00f6cknera\",\"breadcrumb\":{\"@id\":\"https:\\\/\\\/biog-biogas.com\\\/pl\\\/stopka-redakcyjna\\\/#breadcrumb\"},\"inLanguage\":\"pl-PL\",\"potentialAction\":[{\"@type\":\"ReadAction\",\"target\":[\"https:\\\/\\\/biog-biogas.com\\\/pl\\\/stopka-redakcyjna\\\/\"]}]},{\"@type\":\"BreadcrumbList\",\"@id\":\"https:\\\/\\\/biog-biogas.com\\\/pl\\\/stopka-redakcyjna\\\/#breadcrumb\",\"itemListElement\":[{\"@type\":\"ListItem\",\"position\":1,\"name\":\"Startseite\",\"item\":\"https:\\\/\\\/biog-biogas.com\\\/pl\\\/\"},{\"@type\":\"ListItem\",\"position\":2,\"name\":\"Stopka redakcyjna\"}]},{\"@type\":\"WebSite\",\"@id\":\"https:\\\/\\\/biog-biogas.com\\\/pl\\\/#website\",\"url\":\"https:\\\/\\\/biog-biogas.com\\\/pl\\\/\",\"name\":\"BIOG\",\"description\":\"Solutions for green energy\",\"potentialAction\":[{\"@type\":\"SearchAction\",\"target\":{\"@type\":\"EntryPoint\",\"urlTemplate\":\"https:\\\/\\\/biog-biogas.com\\\/pl\\\/?s={search_term_string}\"},\"query-input\":{\"@type\":\"PropertyValueSpecification\",\"valueRequired\":true,\"valueName\":\"search_term_string\"}}],\"inLanguage\":\"pl-PL\"}]}<\/script>\n<!-- \/ Yoast SEO plugin. -->","yoast_head_json":{"title":"Stopka redakcyjna i o\u015bwiadczenie | BioG \u2022 Solutions for green energy","description":"Tutaj znajdziesz stopk\u0119 redkacyjn\u0105 BioG! \u2606 Odpowiedzialna za tre\u015b\u0107: BioG GmbH \u2022 Reprezentowana przez dyrektora zarz\u0105dzaj\u0105cego Josefa H\u00f6cknera","robots":{"index":"noindex","follow":"follow"},"og_locale":"pl_PL","og_type":"article","og_title":"Stopka redakcyjna i o\u015bwiadczenie | BioG \u2022 Solutions for green energy","og_description":"Tutaj znajdziesz stopk\u0119 redkacyjn\u0105 BioG! \u2606 Odpowiedzialna za tre\u015b\u0107: BioG GmbH \u2022 Reprezentowana przez dyrektora zarz\u0105dzaj\u0105cego Josefa H\u00f6cknera","og_url":"https:\/\/biog-biogas.com\/pl\/stopka-redakcyjna\/","og_site_name":"BIOG","article_modified_time":"2025-10-17T05:13:18+00:00","twitter_card":"summary_large_image","twitter_misc":{"Szacowany czas czytania":"1 minuta"},"schema":{"@context":"https:\/\/schema.org","@graph":[{"@type":"WebPage","@id":"https:\/\/biog-biogas.com\/pl\/stopka-redakcyjna\/","url":"https:\/\/biog-biogas.com\/pl\/stopka-redakcyjna\/","name":"Stopka redakcyjna i o\u015bwiadczenie | BioG \u2022 Solutions for green energy","isPartOf":{"@id":"https:\/\/biog-biogas.com\/pl\/#website"},"datePublished":"2019-02-09T08:55:48+00:00","dateModified":"2025-10-17T05:13:18+00:00","description":"Tutaj znajdziesz stopk\u0119 redkacyjn\u0105 BioG! \u2606 Odpowiedzialna za tre\u015b\u0107: BioG GmbH \u2022 Reprezentowana przez dyrektora zarz\u0105dzaj\u0105cego Josefa H\u00f6cknera","breadcrumb":{"@id":"https:\/\/biog-biogas.com\/pl\/stopka-redakcyjna\/#breadcrumb"},"inLanguage":"pl-PL","potentialAction":[{"@type":"ReadAction","target":["https:\/\/biog-biogas.com\/pl\/stopka-redakcyjna\/"]}]},{"@type":"BreadcrumbList","@id":"https:\/\/biog-biogas.com\/pl\/stopka-redakcyjna\/#breadcrumb","itemListElement":[{"@type":"ListItem","position":1,"name":"Startseite","item":"https:\/\/biog-biogas.com\/pl\/"},{"@type":"ListItem","position":2,"name":"Stopka redakcyjna"}]},{"@type":"WebSite","@id":"https:\/\/biog-biogas.com\/pl\/#website","url":"https:\/\/biog-biogas.com\/pl\/","name":"BIOG","description":"Solutions for green energy","potentialAction":[{"@type":"SearchAction","target":{"@type":"EntryPoint","urlTemplate":"https:\/\/biog-biogas.com\/pl\/?s={search_term_string}"},"query-input":{"@type":"PropertyValueSpecification","valueRequired":true,"valueName":"search_term_string"}}],"inLanguage":"pl-PL"}]}},"_links":{"self":[{"href":"https:\/\/biog-biogas.com\/pl\/wp-json\/wp\/v2\/pages\/2404","targetHints":{"allow":["GET"]}}],"collection":[{"href":"https:\/\/biog-biogas.com\/pl\/wp-json\/wp\/v2\/pages"}],"about":[{"href":"https:\/\/biog-biogas.com\/pl\/wp-json\/wp\/v2\/types\/page"}],"author":[{"embeddable":true,"href":"https:\/\/biog-biogas.com\/pl\/wp-json\/wp\/v2\/users\/1"}],"replies":[{"embeddable":true,"href":"https:\/\/biog-biogas.com\/pl\/wp-json\/wp\/v2\/comments?post=2404"}],"version-history":[{"count":0,"href":"https:\/\/biog-biogas.com\/pl\/wp-json\/wp\/v2\/pages\/2404\/revisions"}],"wp:attachment":[{"href":"https:\/\/biog-biogas.com\/pl\/wp-json\/wp\/v2\/media?parent=2404"}],"curies":[{"name":"wp","href":"https:\/\/api.w.org\/{rel}","templated":true}]}}

<div class="wpb-content-wrapper"><p>[vc_row][vc_column]<div id="ultimate-heading-593969f3c25e1e253" class="uvc-heading ult-adjust-bottom-margin ultimate-heading-593969f3c25e1e253 uvc-6916 " data-hspacer="no_spacer"  data-halign="left" style="text-align:left"><div class="uvc-heading-spacer no_spacer" style="top"></div><div class="uvc-main-heading ult-responsive"  data-ultimate-target='.uvc-heading.ultimate-heading-593969f3c25e1e253 h2'  data-responsive-json-new='{"font-size":"desktop:28px;","line-height":""}' ><h2 style="--font-weight:theme;margin-bottom:25px;">Oświadczenie zgodnie z §§24, 25 ustawy o mediach i informacje zgodnie z §§ 5 ustawy o handlu elektronicznym</h2></div></div>[vc_column_text]</p>
<h4>Odpowiedzialny za treść:</h4>
<p>BioG GmbH<br />
Weilbolden 18<br />
A-4972 Utzenaich<br />
Austria</p>
<h4>Reprezentowany przez:</h4>
<p>Josef Höckner, Dyrektor zarządzający</p>
<h4>Kontakt:</h4>
<p>Telefon: +43 (0) 7751 / 50149 &#8211; 0<br />
E-mail: <a href="&#109;&#x61;&#105;&#x6c;&#116;&#x6f;&#58;&#x6f;&#102;&#x66;&#105;&#x63;&#101;&#x40;&#98;&#x69;&#111;&#x67;&#46;&#x61;&#116;">o&#102;&#102;&#105;&#x63;&#x65;&#x40;bi&#111;&#103;&#x2e;&#x61;&#x74;</a></p>
<h4>Numer identyfikacyjny VAT:</h4>
<p>Numer identyfikacyjny VAT: ATU64107503</p>
<h4>Wpis w rejestrze:</h4>
<p>Rejestr handlowy: Sąd okręgowy Ried im Innkreis, FN3062239b</p>
<p>BioG GmbH jest członkiem Austriackiej Izby Gospodarczej (WKÖ) zgodnie z odpowiednimi przepisami prawa.<br />
W sprawie przynależności do osób prawnych Izby Gospodarczej patrz Firmen A-Z na stronie internetowej WKÖ <a href="https://firmen.wko.at" target="_blank" rel="noopener noreferrer">https://firmen.wko.at</a>.</p>
<h4>Przedmiot przedsiębiorstwa:</h4>
<p>Ogólna budowa maszyn, handel artykułami technicznymi i przemysłowymi</p>
<h4>Organ władzy według ECG:</h4>
<p>StarostwoRied im Innkreis</p>
<h4>Przepisy prawa:</h4>
<p><a href="https://www.ris.bka.gv.at/" target="_blank" rel="noopener noreferrer">https://www.ris.bka.gv.at/</a>[/vc_column_text][/vc_column][/vc_row][vc_row][vc_column][vc_column_text]Autor projektu:: <a href="https://www.agromarketing.at/" target="_blank" rel="noopener noreferrer">Agromarketing</a>[/vc_column_text][/vc_column][/vc_row]</p>
</div>

<p>[vc_row][vc_column][vc_column_text] Odpowiedzialny za treść: BioG GmbH Weilbolden 18 A-4972 Utzenaich Austria Reprezentowany przez: Josef Höckner, Dyrektor zarządzający Kontakt: Telefon: +43 (0) 7751 / 50149 &#8211; 0 E-mail: &#x6f;&#x66;&#x66;&#x69;&#x63;&#x65;&#x40;&#x62;&#105;&#111;&#103;&#46;&#97;&#116; Numer identyfikacyjny VAT: Numer identyfikacyjny VAT: ATU64107503 Wpis w rejestrze: Rejestr handlowy: Sąd okręgowy Ried im Innkreis, FN3062239b BioG GmbH jest członkiem Austriackiej Izby Gospodarczej (WKÖ) zgodnie&hellip;</p>

<!-- This site is optimized with the Yoast SEO plugin v27.5 - https://yoast.com/product/yoast-seo-wordpress/ -->
<title>Stopka redakcyjna i oświadczenie | BioG • Solutions for green energy</title>
<meta name="description" content="Tutaj znajdziesz stopkę redkacyjną BioG! ☆ Odpowiedzialna za treść: BioG GmbH • Reprezentowana przez dyrektora zarządzającego Josefa Höcknera" />
<meta name="robots" content="noindex, follow" />
<meta property="og:locale" content="pl_PL" />
<meta property="og:type" content="article" />
<meta property="og:title" content="Stopka redakcyjna i oświadczenie | BioG • Solutions for green energy" />
<meta property="og:description" content="Tutaj znajdziesz stopkę redkacyjną BioG! ☆ Odpowiedzialna za treść: BioG GmbH • Reprezentowana przez dyrektora zarządzającego Josefa Höcknera" />
<meta property="og:url" content="https://biog-biogas.com/pl/stopka-redakcyjna/" />
<meta property="og:site_name" content="BIOG" />
<meta property="article:modified_time" content="2025-10-17T05:13:18+00:00" />
<meta name="twitter:card" content="summary_large_image" />
<meta name="twitter:label1" content="Szacowany czas czytania" />
	<meta name="twitter:data1" content="1 minuta" />
<script type="application/ld+json" class="yoast-schema-graph">{"@context":"https:\/\/schema.org","@graph":[{"@type":"WebPage","@id":"https:\/\/biog-biogas.com\/pl\/stopka-redakcyjna\/","url":"https:\/\/biog-biogas.com\/pl\/stopka-redakcyjna\/","name":"Stopka redakcyjna i oświadczenie | BioG • Solutions for green energy","isPartOf":{"@id":"https:\/\/biog-biogas.com\/pl\/#website"},"datePublished":"2019-02-09T08:55:48+00:00","dateModified":"2025-10-17T05:13:18+00:00","description":"Tutaj znajdziesz stopkę redkacyjną BioG! ☆ Odpowiedzialna za treść: BioG GmbH • Reprezentowana przez dyrektora zarządzającego Josefa Höcknera","breadcrumb":{"@id":"https:\/\/biog-biogas.com\/pl\/stopka-redakcyjna\/#breadcrumb"},"inLanguage":"pl-PL","potentialAction":[{"@type":"ReadAction","target":["https:\/\/biog-biogas.com\/pl\/stopka-redakcyjna\/"]}]},{"@type":"BreadcrumbList","@id":"https:\/\/biog-biogas.com\/pl\/stopka-redakcyjna\/#breadcrumb","itemListElement":[{"@type":"ListItem","position":1,"name":"Startseite","item":"https:\/\/biog-biogas.com\/pl\/"},{"@type":"ListItem","position":2,"name":"Stopka redakcyjna"}]},{"@type":"WebSite","@id":"https:\/\/biog-biogas.com\/pl\/#website","url":"https:\/\/biog-biogas.com\/pl\/","name":"BIOG","description":"Solutions for green energy","potentialAction":[{"@type":"SearchAction","target":{"@type":"EntryPoint","urlTemplate":"https:\/\/biog-biogas.com\/pl\/?s={search_term_string}"},"query-input":{"@type":"PropertyValueSpecification","valueRequired":true,"valueName":"search_term_string"}}],"inLanguage":"pl-PL"}]}</script>
<!-- / Yoast SEO plugin. -->

Stopka redakcyjna i oświadczenie | BioG • Solutions for green energy

Tutaj znajdziesz stopkę redkacyjną BioG! ☆ Odpowiedzialna za treść: BioG GmbH • Reprezentowana przez dyrektora zarządzającego Josefa Höcknera
